0100001111011
In base 15, what is -12 + -154956?
-154968
In base 3, what is -111112110121120221 + 12?
-111112110121120202
In base 2, what is 1011001101100010010010 + 101011?
1011001101100010111101
In base 13, what is -16ac90 - -9?
-16ac84
In base 12, what is -1130 - -306b?
1b3b
In base 7, what is 2 + 62636642?
62636644
In base 5, what is 0 + -204222231?
-204222231
In base 12, what is -2a5a5b + 261?
-2a57ba
In base 9, what is -5 + 214458838?
214458833
In base 10, what is 1772 - -4770?
6542
In base 2, what is 10111 - -11100110001110?
11100110100101
In base 3, what is -122011012211201 + -1202?
-122011012220110
In base 10, what is 153875 - 14?
153861
In base 2, what is -1001 + 11001000100011000000?
11001000100010110111
In base 4, what is 21023102131 + 1111?
21023103302
In base 7, what is 12006 - -243?
12252
In base 8, what is 1320553 - 135?
1320416
In base 14, what is 6b67 - -ddd?
7b66
In base 10, what is 1 - -122969538?
122969539
In base 10, what is -812780 + 0?
-812780
In base 9, what is 17158 - 1774?
15274
In base 3, what is 12000122200020112 - 2?
12000122200020110
In base 12, what is -119489 - -88b?
-1187ba
In base 13, what is -34398a + 13?
-343977
In base 15, what is -279b2e - 9a?
-279bc9
In base 5, what is -3201 - 2420443?
-2424144
In base 6, what is 4 + -10043212014?
-10043212010
In base 4, what is 1013313 + -120023?
233230
In base 8, what is -275260 - 224?
-275504
In base 5, what is 1022403 - 42431?
424422
In base 9, what is -161058344 + 1?
-161058343
In base 13, what is 73763 - -74?
73807
In base 13, what is -46 - -3333?
32ba
In base 15, what is 5a - -1c41be?
1c4229
In base 3, what is 2110000220 - -20102200?
2200110120
In base 11, what is -414539 + -137?
-414675
In base 12, what is -3074 + 5175?
2101
In base 6, what is -13 + 34143145?
34143132
In base 7, what is -2100 + 205530?
203430
In base 16, what is 3 + 85d0c7?
85d0ca
In base 12, what is 5b5002 + -13?
5b4bab
In base 4, what is 201330032301 + -11?
201330032230
In base 5, what is -10040310 + -30343?
-10121203
In base 9, what is -7 - 1211086?
-1211104
In base 13, what is 0 - 16833758?
-16833758
In base 14, what is -a8 - 80b15?
-80bbd
In base 10, what is 3 - -4397093?
4397096
In base 5, what is -1040233211 - 1?
-1040233212
In base 12, what is -a1 - -7409?
7328
In base 15, what is -28 + -144495?
-1444bd
In base 4, what is 10032013 - 13311?
10012102
In base 8, what is -4371272760 - 1?
-4371272761
In base 3, what is 1 + -22121102021200?
-22121102021122
In base 5, what is -30 + -440143140?
-440143220
In base 13, what is -367 - -3caa9?
3c742
In base 6, what is 31304 - 1445?
25415
In base 6, what is -2205 + -2115534?
-2122143
In base 5, what is -33 + 10403222?
10403134
In base 14, what is -24cca2 - -5?
-24cc9b
In base 7, what is -26323500 - 134?
-26323634
In base 4, what is -3 - -33203031033?
33203031030
In base 3, what is 20111212120 - -122101?
20112111221
In base 8, what is -3210401 - 55?
-3210456
In base 5, what is 201 + -4102404110?
-4102403404
In base 12, what is -a184a4 - -19?
-a18487
In base 4, what is 21 + -123330101?
-123330020
In base 11, what is 38a41081 + -11?
38a41070
In base 9, what is 17 - 22033220?
-22033202
In base 7, what is -4 - 30524061?
-30524065
In base 16, what is -7 - -15a8843?
15a883c
In base 12, what is -4 - -4235436?
4235432
In base 5, what is 2 - -10423312331?
10423312333
In base 8, what is 1153265 + 1523?
1155010
In base 9, what is 477538 - 65?
477463
In base 11, what is -23439501 - 16?
-23439517
In base 5, what is -1232210023001 - 1?
-1232210023002
In base 14, what is -1 + -9b3dc8?
-9b3dc9
In base 7, what is -43162 + 11234?
-31625
In base 14, what is b3030 + -7?
b3027
In base 16, what is fa23c8 + 4?
fa23cc
In base 2, what is -1010 - 10000101111110011010110?
-10000101111110011100000
In base 6, what is -42401 - -4023?
-34334
In base 9, what is -671783 - -7?
-671775
In base 3, what is 1120101222202 - 201?
1120101222001
In base 15, what is b + -8b3eac?
-8b3ea1
In base 10, what is 23 - -195659?
195682
In base 2, what is -1110100011 + 1111111101001111?
1111101110101100
In base 7, what is 2 - -244636566?
244636601
In base 4, what is -3011222330 + -13133?
-3011302123
In base 3, what is -12 - -1221002202211?
1221002202122
In base 6, what is -5331 - -2433242?
2423511
In base 16, what is -33cb + -b76?
-3f41
In base 2, what is -100000111010001 + 100010001011?
-11100101000110
In base 3, what is 1 - 220011122002100?
-220011122002022
In base 2, what is -1101111000110 - 100100?
-1101111101010
In base 11, what is 13 + -15984676?
-15984663
In base 2, what is 111110010 - -11011001011100?
11100001001110
In base 14, what is -568ac2 - -1b?
-568aa5
In base 12, what is -2469947 - -3?
-2469944
In base 2, what is 1111010 - -1001000101010110010001?
1001000101011000001011
In base 15, what is -8ce1 - d18?
-9b09
In base 13, what is 378a + 8a?
3847
In base 12, what is -3566214 + 0?
-3566214
In base 3, what is 2002 + -201112202121?
-201112200112
In base 10, what is 3672 - 27401?
-23729
In base 2, what is 1011110001 - 1010001100010011?
-1010000000100010
In base 2, what is 11100110011 - 111110011000?
-100001100101
In base 9, what is -240 - -27327?
27077
In base 12, what is -67459a5 + -1?
-67459a6
In base 6, what is 2445235 - -314?
2445553
In base 11, what is -a687 + -335?
-aa11
In base 4, what is 2131103200013 + -10?
2131103200003
In base 10, what is -18894170 - -6?
-18894164
In base 14, what is -16b1a70 + 3?
-16b1a6b
In base 3, what is 101021 - -11201111120?
11201212211
In base 5, what is 12 - -101344000342?
101344000404
In base 11, what is 130 + -593090?
-592a60
In base 2, what is 111101111010100 + 1110110110001?
1001100110000101
In base 2, what is 1010 + -11110111010010011011000010?
-11110111010010011010111000
In base 2, what is -1111000010110 + -1101100110?
-10000101111100
In base 4, what is 20023301 - 2302130?
11121111
In base 6, what is 2121030535 - -3?
2121030542
In base 10, what is 1 + -40021986?
-40021985
In base 11, what is -346a63 + -7?
-346a6a
In base 10, what is -562 - 119486?
-120048
In base 2, what is 10 + -1110001011001000001110?
-1110001011001000001100
In base 4, what is -200 - -20210223001?
20210222201
In base 7, what is -16522 + 11104?
-5415
In base 14, what is -53a2010 + -1?
-53a2011
In base 2, what is -11000101100110 - -1101101111?
-10110111110111
In base 4, what is -3131211023 - -2110?
-3131202313
In base 8, what is 323540426 - -1?
323540427
In base 15, what is -806 + -18de9?
-19700
In base 4, what is -230312 - -10323121?
10032203
In base 7, what is 113565623 - -3?
113565626
In base 5, what is -4113 + -3140032?
-3144200
In base 11, what is -518 - a77a?
-10197
In base 4, what is -1131233312313 - 131?
-1131233313110
In base 12, what is 395 - -421b?
45b4
In base 4, what is 10332303200 - -2?
10332303202
In base 4, what is -1010112010123312 - 2?
-1010112010123320
In base 9, what is 7816 - 35317?
-26401
In base 10, what is 117 - -1728713?
1728830
In base 13, what is ba1b - -1aa?
bbc8
In base 5, what is -124 - 1341124133?
-1341124312
In base 7, what is 5434 - -30623?
36360
In base 7, what is 1 + 16452506?
16452510
In base 2, what is -1010011010000101011100 + 11?
-1010011010000101011001
In base 11, what is -18 - -20a1704?
20a1697
In base 14, what is 0 + -2772c89?
-2772c89
In base 2, what is 1 + 11110101001101000100111?
11110101001101000101000
In base 16, what is 5e55a - -2e9?
5e843
In base 7, what is -522 - -12346501?
12345646
In base 2, what is -11110010101100110110101011000 - -101?
-11110010101100110110101010011
In base 6, what is 2334 + -43135452?
-43133114
In base 4, what is -313211310321 + 10?
-313211310311
In base 4, what is -3112302110113 + 1?
-3112302110112
In base 5, what is -3430234220 - 1?
-3430234221
In base 16, what is -161fac + 24c?
-161d60
In base 15, what is -3 + -1687?
-168a
In base 7, what is 41 - 250320?
-250246
In base 12, what is -219a8 + 7881?
-16127
In base 9, what is -22163 - 3184?
-25357
In base 5, what is 10 + 342130131?
342130141
In base 4, what is -22132132 - -1233112?
-20233020
In base 3, what is 201 + -12112001120?
-12112000212
In base 12, what is 3 + 1466ab65?
1466ab68
In base 4, what is -331 - 33012133?
-33013130
In base 16, what is f24 - -2593?
34b7
In base 6, what is 2 - -3455522332?
3455522334
In base 14, what is -5 - -1132d47?
1132d42
In base 